k(6). What are the prime factors of 1*w - (-6 + -36)?
2, 23
Suppose 2 + 0 = 2*z, 3*q + 8 = -4*z. Let r(c) be the first derivative of -c**4/4 - 2*c**3/3 + 2*c**2 + c + 3. What are the prime factors of r(q)?
17
Let h(o) = 2*o + 14. Let k be h(-7). Suppose -258 = 2*x - k*x + 3*q, -q = 3*x + 373. Let s = -77 - x. List the prime factors of s.
2, 23
Let c(j) be the third derivative of j**4/24 - 5*j**3/3 - 2*j**2. Let y be c(7). List the prime factors of (-4)/y*42/4.
2, 7
Let l(u) = 2*u - 5*u**2 + 13*u**2 - 7*u**2 + 7. Let j be l(0). Suppose j*y - 600 = -159. List the prime factors of y.
3, 7
Let o(q) = -q**3 + 4*q**2 - 3*q - 5. Let y be o(-3). Let i = 7 + y. List the prime factors of i.
2, 37
Let a = -189 + 193. Let q(j) = 36*j. Let i be q(1). Suppose -a*s = 4, -2*l + 5*l - 3*s - i = 0. List the prime factors of l.
11
Let d(o) = -4*o + 8. Let a be d(-4). Suppose f - 8 = a. List the prime factors of ((-99)/(-22))/(6/f).
2, 3
Suppose 4*u + s = 498, 2*s + 238 = 2*u - 3*s. Suppose y - 4*i - 98 = 0, -y + u - 21 = i. Let c = y + -57. What are the prime factors of c?
3, 5
List the prime factors of ((-1)/(1/(-11)))/(2/74).
11, 37
Suppose -4*b + 220 = 964. What are the prime factors of (-5)/1 - b/3?
3, 19
Suppose 11*a + 11539 = 22*a. What are the prime factors of a?
1049
Let t be -6 + 3 + (-94)/2. Let o be 0 - (0 + 0) - -77. Let x = t + o. What are the prime factors of x?
3
Let f = 66 - -2709. What are the prime factors of f?
3, 5, 37
Let l(x) be the third derivative of x**5/60 - x**4/8 + x**3/3 + 2*x**2. Let q be l(-3). Suppose -2*j + 14 + q = 0. What are the prime factors of j?
17
Suppose 0 = -5*b - 4*c + 33 + 59, -3*b = 4*c - 52. Let n = b + -8. List the prime factors of (n/(-10))/((-19)/570).
2, 3
Let g(s) = -6*s + 9*s + 6 + 4*s. What are the prime factors of g(3)?
3
Let p be (5 - -45) + (-1 - -2). Suppose -4*r - 49 = p. Let h = 45 + r. What are the prime factors of h?
2, 5
What are the prime factors of (-2)/16 + 0 - 209374/(-496)?
2, 211
Let g(h) = -20*h - 102. What are the prime factors of g(-19)?
2, 139
Let g(m) = -4*m + 217. List the prime factors of g(-15).
277
Let a(f) = -3*f - 13. Let o be a(-17). Suppose 4*g + 51 + 33 = 0. Let u = o + g. List the prime factors of u.
17
Let k = 803 + -750. List the prime factors of k.
53
Let v(t) be the second derivative of t**7/504 - t**6/360 + t**5/40 - t**4/2 + 4*t. Let z(f) be the third derivative of v(f). What are the prime factors of z(2)?
19
Let i(r) = -28*r**2 - 20*r - 20. Let f(h) = 10*h**2 + 7*h + 7. Let j(o) = 17*f(o) + 6*i(o). Let t be 0 - (0 + (-1 - 3)). What are the prime factors of j(t)?
3
Let n(w) = w**3 + 4*w**2 - 13*w - 4. Let v be n(-6). Suppose 3*x = h - 14, 3*h = h - v*x - 4. What are the prime factors of (222/12)/(h/4)?
37
Let m = -11 + 20. Let j(t) = 6*t + 2. Let g(w) = -7*w - 2. Let x(y) = 4*g(y) + 5*j(y). What are the prime factors of x(m)?
2, 5
Let k(h) = 935*h - 25. What are the prime factors of k(2)?
3, 5, 41
Let l = 473 + -330. List the prime factors of l.
11, 13
Let j(w) = -24*w + 16. Let l be j(-16). Suppose -12*m = -7*m - l. List the prime factors of m.
2, 5
Suppose 0 = -0*k + 4*k + 516. Let r = 226 + k. What are the prime factors of r?
97
Let m be 7 - 4 - (2 + 133). Let y(h) = -h**2 - 8*h + 3. Let n be y(-8). List the prime factors of (n/(-6))/(2/m).
3, 11
Let k = 77 + -75. What are the prime factors of (-8 + 22)/(k/4*1)?
2, 7
What are the prime factors of -300*((-2)/9)/((-15)/(-90))?
2, 5
Suppose f + 2*l = l + 1733, -4*l = 8. List the prime factors of f.
5, 347
Suppose 2*x + 28 = 6. Let j(f) = -13*f - 11. Let i be j(x). Suppose -7*u + 3*u + i = 0. What are the prime factors of u?
3, 11
Suppose 0 = 3*y - 2*y - 77. Suppose -3*o = -j + 228, -4*o + y = j - 137. What are the prime factors of j?
2, 3, 37
Suppose -3*a + 5 + 6 = s, 2*a = 5*s - 4. Suppose 2*d = a*m + 341, -2*d - m + 348 = 3*m. What are the prime factors of d?
2, 43
Let y(p) = -p**3 - p**2 + p. Let k(j) = 5*j**3 + 8*j**2 - 12*j - 1. Let l(b) = -k(b) - 6*y(b). What are the prime factors of l(7)?
2, 3
Suppose -4*p - 143 - 53 = -2*d, d = -5*p + 91. List the prime factors of d.
2, 3
Suppose -11*i = -5*i - 36. Let r(f) = -f**3 - 6*f**2 - 5*f + 5. Let w be r(-5). Suppose w*s - 2*l = 109, 3*s = i*s - 3*l - 60. List the prime factors of s.
23
Suppose 9*z - 9974 = 1357. What are the prime factors of z?
1259
Let s(q) = -q**3 - 17*q**2 - 11*q - 62. What are the prime factors of s(-18)?
2, 5, 23
Suppose -2*b + 2128 = 370. What are the prime factors of b?
3, 293
Suppose 0 = -2*h - 5*h + 2632. Suppose -4*q - h = -0*s - 4*s, 0 = 3*q + 9. List the prime factors of s.
7, 13
Let a = -1919 + 3271. What are the prime factors of a?
2, 13
Let l(g) = 1084*g**3 - g**2 + g - 1. What are the prime factors of l(1)?
3, 19
Let y(u) = -181*u + 5. What are the prime factors of y(-2)?
367
Let f(x) = -26*x + 11. Let c(r) = 25*r - 12. Let k(i) = 4*c(i) + 5*f(i). Let t be k(4). Let b = -74 - t. What are the prime factors of b?
3, 13
Let b = 24 - 4. Suppose 3*g - b = 31. Suppose 3*t = -3*l + 14 + 16, -2*l - 5*t + g = 0. What are the prime factors of l?
11
Let n = 12 - 14. Let g be (n - (7 + -3)) + 3. What are the prime factors of g + 27 - (2 + -2)?
2, 3
Let g(c) = 3*c**3 - 4*c**2 - 5*c + 3. Let n be g(4). Let o = 157 - n. What are the prime factors of o?
2, 23
Let i be (-2 + 1 - -2)/((-25)/(-3050)). Let c = 203 - i. What are the prime factors of c?
3
Let x = 3848 - -386. List the prime factors of x.
2, 29, 73
Suppose 2*x + 3*w - 464 = 0, 2*w = 3*w. What are the prime factors of x?
2, 29
Suppose -2*y + d = -164, 0 = d + 6 - 4. Suppose -y = -5*k + 34. What are the prime factors of k?
23
Let v be (-2)/((-4 - -2)/216). List the prime factors of ((-2)/(-6))/(9/v).
2
Let c be -5*42*(-5)/30*16. Let j = c + -394. What are the prime factors of j?
2, 83
What are the prime factors of (1690/(-15))/((-16)/312)?
13
Let h be (-62)/(-22) - (-20)/110. Suppose h*z + 4*w - 348 = -z, -276 = -3*z + 2*w. List the prime factors of z.
2, 3, 5
What are the prime factors of (-1*2207)/(41 + -42)?
2207
Let q = -68 - -110. What are the prime factors of 5052/q + 6/(-21)?
2, 3, 5
Let q(z) = z**3 + 22*z**2 + 29*z + 42. What are the prime factors of q(-19)?
2, 7, 41
Suppose -4*d = 4*l - 1740, 4*d - 5*l = 138 + 1611. List the prime factors of d.
2, 109
Let o(j) = -29*j**2 + j + 9. Let b(v) = 43*v**2 - v - 14. Let a(z) = 5*b(z) + 7*o(z). List the prime factors of a(2).
3, 5
Let j(l) = l - 18. Let b be j(22). Suppose 5*q - 112 = b*q. What are the prime factors of q?
2, 7
Suppose 0 = -i + 35 + 49. Let j = -75 + i. What are the prime factors of j?
3
Suppose 0 = 19*l - 17*l - 782. Suppose 7*b - 3*b - l = o, 0 = -2*b + o + 193. What are the prime factors of b?
3, 11
Suppose -s + 1 = 2, 5*s + 165 = 2*h. Suppose -10*x + 6*x = h. Let u = 36 + x. List the prime factors of u.
2
Suppose 3*z = 7476 - 669. List the prime factors of z.
2269
Let d be (-12 - -1)/((-3)/(-3))*-1. Suppose -d*i + 7*i = -356. What are the prime factors of i?
89
Let r = 7415 + -4167. What are the prime factors of r?
2, 7, 29
Suppose 3*f = -2*r + 267, -4*r + 5*f = -158 - 365. List the prime factors of r.
2, 3, 11
Suppose -3*p + 4683 = f + 4*f, 0 = -4*f - 2*p + 3746. List the prime factors of f.
2, 3, 13
Suppose 0 = 3*s - 7 + 22. Suppose 93 = -k + 5*v, 3*v - 538 = 4*k - 81. What are the prime factors of (-6)/(-15) + k/s?
2, 3
Let n(i) = 75*i**2. Let v = -7 - -6. List the prime factors of n(v).
3, 5
Suppose -2*p + 3*p + 12 = 5*o, 0 = 3*o + 3*p - 18. Suppose -c - 6*z + 160 = -o*z, 492 = 3*c + 3*z. What are the prime factors of c?
2, 83
Suppose -16*a + 5614 + 24498 = 0. What are the prime factors of a?
2, 941
Suppose -3*o + 5765 = -w, -w + 1915 = o - 0*w. Suppose d + o = 21*d. What are the prime factors of d?
2, 3
Suppose 4*v = -4*x + 1344, -2*v + 4*x = 5*x - 670. What are the prime factors of v?
2, 167
Suppose 0 = -20*d + 18*d - 8. Let a(v) = -3*v - 2 + 2*v + 1. List the prime factors of a(d).
3
Suppose 5*p - 14*p + 153 = 0. Let t = 120 + p. What are the prime factors of t?
137
Let f(w) = -2*w**2 - 2*w + 215. Let o be f(0). Let p = 365 - o. List the prime factors of p.
2, 3, 5
Let w(j) = 47*j**3 + 3*j - 11. What are the prime factors of w(2)?
7, 53
Suppose -11 = -4*a + 1. Suppose 5*x = a*m - 0*x - 445, 4*m - 3*x = 586. Suppose -3*